[INFO] cloning repository https://github.com/hdevalence/bulletproof-aggregator
[INFO] running `Command { std: "git" "-c" "credential.helper=" "-c" "credential.helper=/workspace/cargo-home/bin/git-credential-null" "clone" "--bare" "https://github.com/hdevalence/bulletproof-aggregator" "/workspace/cache/git-repos/https%3A%2F%2Fgithub.com%2Fhdevalence%2Fbulletproof-aggregator", kill_on_drop: false }`
[INFO] [stderr] Cloning into bare repository '/workspace/cache/git-repos/https%3A%2F%2Fgithub.com%2Fhdevalence%2Fbulletproof-aggregator'...
[INFO] running `Command { std: "git" "rev-parse" "HEAD", kill_on_drop: false }`
[INFO] [stdout] 6adde2d226f096053b6884a89de7830b39f4ab6d
[INFO] checking hdevalence/bulletproof-aggregator against master#cfbc6d4cf1acbac5c025acf8ed68929caa551df3 for pr-75494-beta
[INFO] running `Command { std: "git" "clone" "/workspace/cache/git-repos/https%3A%2F%2Fgithub.com%2Fhdevalence%2Fbulletproof-aggregator" "/workspace/builds/worker-14/source", kill_on_drop: false }`
[INFO] [stderr] Cloning into '/workspace/builds/worker-14/source'...
[INFO] [stderr] done.
[INFO] validating manifest of git repo https://github.com/hdevalence/bulletproof-aggregator on toolchain cfbc6d4cf1acbac5c025acf8ed68929caa551df3
[INFO] running `Command { std: "/workspace/cargo-home/bin/cargo" "+cfbc6d4cf1acbac5c025acf8ed68929caa551df3" "read-manifest" "--manifest-path" "Cargo.toml", kill_on_drop: false }`
[INFO] started tweaking git repo https://github.com/hdevalence/bulletproof-aggregator
[INFO] finished tweaking git repo https://github.com/hdevalence/bulletproof-aggregator
[INFO] tweaked toml for git repo https://github.com/hdevalence/bulletproof-aggregator written to /workspace/builds/worker-14/source/Cargo.toml
[INFO] crate git repo https://github.com/hdevalence/bulletproof-aggregator already has a lockfile, it will not be regenerated
[INFO] running `Command { std: "/workspace/cargo-home/bin/cargo" "+cfbc6d4cf1acbac5c025acf8ed68929caa551df3" "fetch" "--locked" "--manifest-path" "Cargo.toml", kill_on_drop: false }`
[INFO] [stderr]  Downloading crates ...
[INFO] [stderr]   Downloaded MacTypes-sys v1.3.0
[INFO] [stderr]   Downloaded serde_cbor v0.9.0
[INFO] [stderr]   Downloaded security-framework-sys v0.2.2
[INFO] [stderr]   Downloaded half v1.3.0
[INFO] [stderr]   Downloaded keccak v0.1.0
[INFO] [stderr]   Downloaded reqwest v0.9.8
[INFO] [stderr]   Downloaded pretty_env_logger v0.3.0
[INFO] [stderr]   Downloaded hyper v0.12.21
[INFO] [stderr]   Downloaded encoding_rs v0.8.14
[INFO] [stderr]   Downloaded serde_json v1.0.36
[INFO] [stderr]   Downloaded proc-macro2 v0.4.25
[INFO] [stderr]   Downloaded libc v0.2.47
[INFO] [stderr]   Downloaded merlin v1.0.2
[INFO] [stderr]   Downloaded curve25519-dalek v1.0.1
[INFO] [stderr]   Downloaded sha3 v0.8.1
[INFO] [stderr]   Downloaded bulletproofs v1.0.1
[INFO] running `Command { std: "docker" "create" "-v" "/var/lib/crater-agent-workspace/builds/worker-14/target:/opt/rustwide/target:rw,Z" "-v" "/var/lib/crater-agent-workspace/builds/worker-14/source:/opt/rustwide/workdir:ro,Z" "-v" "/var/lib/crater-agent-workspace/cargo-home:/opt/rustwide/cargo-home:ro,Z" "-v" "/var/lib/crater-agent-workspace/rustup-home:/opt/rustwide/rustup-home:ro,Z" "-e" "SOURCE_DIR=/opt/rustwide/workdir" "-e" "CARGO_TARGET_DIR=/opt/rustwide/target" "-e" "CARGO_HOME=/opt/rustwide/cargo-home" "-e" "RUSTUP_HOME=/opt/rustwide/rustup-home" "-w" "/opt/rustwide/workdir" "-m" "1610612736" "--user" "0:0" "--network" "none" "rustops/crates-build-env@sha256:a636fd89d022f18117e1dc8fb37a0a009933cdbbe082814857f0e2024962d47c" "/opt/rustwide/cargo-home/bin/cargo" "+cfbc6d4cf1acbac5c025acf8ed68929caa551df3" "metadata" "--no-deps" "--format-version=1", kill_on_drop: false }`
[INFO] [stderr] WARNING: Your kernel does not support swap limit capabilities or the cgroup is not mounted. Memory limited without swap.
[INFO] [stdout] 3cb283f81ab9b98a86b28b8abb25d9a3cfc8eabb1077165ab22d907c6d1c3a71
[INFO] running `Command { std: "docker" "start" "-a" "3cb283f81ab9b98a86b28b8abb25d9a3cfc8eabb1077165ab22d907c6d1c3a71", kill_on_drop: false }`
[INFO] running `Command { std: "docker" "inspect" "3cb283f81ab9b98a86b28b8abb25d9a3cfc8eabb1077165ab22d907c6d1c3a71", kill_on_drop: false }`
[INFO] running `Command { std: "docker" "rm" "-f" "3cb283f81ab9b98a86b28b8abb25d9a3cfc8eabb1077165ab22d907c6d1c3a71", kill_on_drop: false }`
[INFO] [stdout] 3cb283f81ab9b98a86b28b8abb25d9a3cfc8eabb1077165ab22d907c6d1c3a71
[INFO] running `Command { std: "docker" "create" "-v" "/var/lib/crater-agent-workspace/builds/worker-14/target:/opt/rustwide/target:rw,Z" "-v" "/var/lib/crater-agent-workspace/builds/worker-14/source:/opt/rustwide/workdir:ro,Z" "-v" "/var/lib/crater-agent-workspace/cargo-home:/opt/rustwide/cargo-home:ro,Z" "-v" "/var/lib/crater-agent-workspace/rustup-home:/opt/rustwide/rustup-home:ro,Z" "-e" "SOURCE_DIR=/opt/rustwide/workdir" "-e" "CARGO_TARGET_DIR=/opt/rustwide/target" "-e" "CARGO_INCREMENTAL=0" "-e" "RUST_BACKTRACE=full" "-e" "RUSTFLAGS=--cap-lints=forbid" "-e" "CARGO_HOME=/opt/rustwide/cargo-home" "-e" "RUSTUP_HOME=/opt/rustwide/rustup-home" "-w" "/opt/rustwide/workdir" "-m" "1610612736" "--user" "0:0" "--network" "none" "rustops/crates-build-env@sha256:a636fd89d022f18117e1dc8fb37a0a009933cdbbe082814857f0e2024962d47c" "/opt/rustwide/cargo-home/bin/cargo" "+cfbc6d4cf1acbac5c025acf8ed68929caa551df3" "check" "--frozen" "--all" "--all-targets" "--message-format=json", kill_on_drop: false }`
[INFO] [stderr] WARNING: Your kernel does not support swap limit capabilities or the cgroup is not mounted. Memory limited without swap.
[INFO] [stdout] 5792a7a6d29f8a08a2660f0b66937fa85dcaacfb48cd61bd5a2b240f39c4a905
[INFO] running `Command { std: "docker" "start" "-a" "5792a7a6d29f8a08a2660f0b66937fa85dcaacfb48cd61bd5a2b240f39c4a905", kill_on_drop: false }`
[INFO] [stderr]     Checking cfg-if v0.1.6
[INFO] [stderr]    Compiling semver-parser v0.7.0
[INFO] [stderr]     Checking rand_core v0.3.0
[INFO] [stderr]    Compiling version_check v0.1.5
[INFO] [stderr]     Checking byteorder v1.2.7
[INFO] [stderr]     Checking futures v0.1.25
[INFO] [stderr]     Checking lazy_static v1.2.0
[INFO] [stderr]     Checking scopeguard v0.3.3
[INFO] [stderr]     Checking stable_deref_trait v1.1.1
[INFO] [stderr]    Compiling typenum v1.10.0
[INFO] [stderr]     Checking slab v0.4.2
[INFO] [stderr]     Checking lazycell v1.2.1
[INFO] [stderr]     Checking nodrop v0.1.13
[INFO] [stderr]     Checking memoffset v0.2.1
[INFO] [stderr]    Compiling unicode-xid v0.1.0
[INFO] [stderr]     Checking itoa v0.4.3
[INFO] [stderr]    Compiling siphasher v0.2.3
[INFO] [stderr]     Checking matches v0.1.8
[INFO] [stderr]     Checking fnv v1.0.6
[INFO] [stderr]     Checking bitflags v1.0.4
[INFO] [stderr]     Checking ucd-util v0.1.3
[INFO] [stderr]     Checking unicode-normalization v0.1.7
[INFO] [stderr]     Checking byte-tools v0.3.0
[INFO] [stderr]    Compiling ryu v0.2.7
[INFO] [stderr]    Compiling subtle v2.0.0
[INFO] [stderr]     Checking keccak v0.1.0
[INFO] [stderr]     Checking utf8-ranges v1.0.2
[INFO] [stderr]     Checking percent-encoding v1.0.1
[INFO] [stderr]     Checking opaque-debug v0.2.1
[INFO] [stderr]     Checking half v1.3.0
[INFO] [stderr]    Compiling rand v0.6.4
[INFO] [stderr]    Compiling clear_on_drop v0.2.3
[INFO] [stderr]    Compiling backtrace v0.3.13
[INFO] [stderr]     Checking log v0.4.6
[INFO] [stderr]     Checking crossbeam-utils v0.6.3
[INFO] [stderr]     Checking owning_ref v0.4.0
[INFO] [stderr]     Checking thread_local v0.3.6
[INFO] [stderr]     Checking unicode-bidi v0.3.4
[INFO] [stderr]     Checking rand_xorshift v0.1.1
[INFO] [stderr]     Checking rand_isaac v0.1.1
[INFO] [stderr]     Checking rand_hc v0.1.0
[INFO] [stderr]     Checking rand_core v0.2.2
[INFO] [stderr]     Checking block-padding v0.1.2
[INFO] [stderr]     Checking humantime v1.2.0
[INFO] [stderr]    Compiling semver v0.9.0
[INFO] [stderr]     Checking regex-syntax v0.6.4
[INFO] [stderr]     Checking base64 v0.10.0
[INFO] [stderr]     Checking smallvec v0.6.7
[INFO] [stderr]    Compiling serde v1.0.84
[INFO] [stderr]     Checking arrayvec v0.4.10
[INFO] [stderr]    Compiling proc-macro2 v0.4.25
[INFO] [stderr]    Compiling unicase v1.4.2
[INFO] [stderr]    Compiling memchr v2.1.2
[INFO] [stderr]    Compiling unicase v2.2.0
[INFO] [stderr]     Checking crc32fast v1.1.2
[INFO] [stderr]     Checking encoding_rs v0.8.14
[INFO] [stderr]     Checking lock_api v0.1.5
[INFO] [stderr]    Compiling rand_os v0.1.1
[INFO] [stderr]     Checking rand_chacha v0.1.1
[INFO] [stderr]     Checking net2 v0.2.33
[INFO] [stderr]     Checking rand v0.5.5
[INFO] [stderr]     Checking serde_cbor v0.9.0
[INFO] [stderr]    Compiling rustc_version v0.2.3
[INFO] [stderr]     Checking bytes v0.4.11
[INFO] [stderr]     Checking crossbeam-epoch v0.7.0
[INFO] [stderr]     Checking libflate v0.1.19
[INFO] [stderr]     Checking openssl v0.10.16
[INFO] [stderr]     Checking chrono v0.4.6
[INFO] [stderr]    Compiling quote v0.6.10
[INFO] [stderr]     Checking mio v0.6.16
[INFO] [stderr]     Checking serde_json v1.0.36
[INFO] [stderr]     Checking tokio-executor v0.1.6
[INFO] [stderr]     Checking want v0.0.6
[INFO] [stderr]     Checking futures-cpupool v0.1.8
[INFO] [stderr]     Checking idna v0.1.5
[INFO] [stderr]     Checking crossbeam-deque v0.6.3
[INFO] [stderr]    Compiling rand_pcg v0.1.1
[INFO] [stderr]    Compiling parking_lot_core v0.4.0
[INFO] [stderr]     Checking tokio-io v0.1.11
[INFO] [stderr]     Checking http v0.1.14
[INFO] [stderr]    Compiling phf_shared v0.7.24
[INFO] [stderr]    Compiling syn v0.15.26
[INFO] [stderr]     Checking generic-array v0.12.0
[INFO] [stderr]     Checking aho-corasick v0.6.9
[INFO] [stderr]     Checking mime v0.3.13
[INFO] [stderr]     Checking tokio-timer v0.2.8
[INFO] [stderr]     Checking tokio-current-thread v0.1.4
[INFO] [stderr]     Checking uuid v0.7.1
[INFO] [stderr]     Checking phf v0.7.24
[INFO] [stderr]     Checking mio-uds v0.6.7
[INFO] [stderr]     Checking url v1.7.2
[INFO] [stderr]     Checking tokio-codec v0.1.1
[INFO] [stderr]     Checking digest v0.8.0
[INFO] [stderr]     Checking block-buffer v0.7.0
[INFO] [stderr]     Checking sha3 v0.8.1
[INFO] [stderr]     Checking regex v1.1.0
[INFO] [stderr]     Checking serde_urlencoded v0.5.4
[INFO] [stderr]     Checking native-tls v0.2.2
[INFO] [stderr]     Checking merlin v1.0.2
[INFO] [stderr]    Compiling phf_generator v0.7.24
[INFO] [stderr]     Checking h2 v0.1.15
[INFO] [stderr]    Compiling phf_codegen v0.7.24
[INFO] [stderr]     Checking env_logger v0.6.0
[INFO] [stderr]     Checking parking_lot v0.7.1
[INFO] [stderr]    Compiling mime_guess v2.0.0-alpha.6
[INFO] [stderr]     Checking tokio-reactor v0.1.8
[INFO] [stderr]     Checking crossbeam-channel v0.3.6
[INFO] [stderr]     Checking pretty_env_logger v0.3.0
[INFO] [stderr]     Checking tokio-uds v0.2.5
[INFO] [stderr]     Checking tokio-udp v0.1.3
[INFO] [stderr]     Checking tokio-tcp v0.1.3
[INFO] [stderr]     Checking tokio-threadpool v0.1.10
[INFO] [stderr]    Compiling synstructure v0.10.1
[INFO] [stderr]    Compiling curve25519-dalek v1.0.1
[INFO] [stderr]     Checking tokio-fs v0.1.5
[INFO] [stderr]    Compiling failure_derive v0.1.5
[INFO] [stderr]    Compiling serde_derive v1.0.84
[INFO] [stderr]     Checking tokio v0.1.14
[INFO] [stderr]     Checking hyper v0.12.21
[INFO] [stderr]     Checking failure v0.1.5
[INFO] [stderr]     Checking hyper-tls v0.3.1
[INFO] [stderr]     Checking reqwest v0.9.8
[INFO] [stderr]     Checking bulletproofs v1.0.1
[INFO] [stdout] error: couldn't read /opt/rustwide/cargo-home/registry/src/github.com-1ecc6299db9ec823/bulletproofs-1.0.1/src/range_proof/../docs/range-proof-protocol.md: No such file or directory (os error 2)
[INFO] [stdout]  --> /opt/rustwide/cargo-home/registry/src/github.com-1ecc6299db9ec823/bulletproofs-1.0.1/src/range_proof/mod.rs:2:18
[INFO] [stdout]   |
[INFO] [stdout] 2 | #![doc(include = "../docs/range-proof-protocol.md")]
[INFO] [stdout]   |                  ^^^^^^^^^^^^^^^^^^^^^^^^^^^^^^^^^ couldn't read file
[INFO] [stdout] 
[INFO] [stdout] 
[INFO] [stdout] error[E0554]: `#![feature]` may not be used on the beta release channel
[INFO] [stdout]  --> /opt/rustwide/cargo-home/registry/src/github.com-1ecc6299db9ec823/bulletproofs-1.0.1/src/lib.rs:1:1
[INFO] [stdout]   |
[INFO] [stdout] 1 | #![feature(nll)]
[INFO] [stdout]   | ^^^^^^^^^^^^^^^^
[INFO] [stdout] 
[INFO] [stdout] 
[INFO] [stdout] error[E0554]: `#![feature]` may not be used on the beta release channel
[INFO] [stdout]  --> /opt/rustwide/cargo-home/registry/src/github.com-1ecc6299db9ec823/bulletproofs-1.0.1/src/lib.rs:2:1
[INFO] [stdout]   |
[INFO] [stdout] 2 | #![feature(external_doc)]
[INFO] [stdout]   | ^^^^^^^^^^^^^^^^^^^^^^^^^
[INFO] [stdout] 
[INFO] [stdout] 
[INFO] [stdout] error[E0554]: `#![feature]` may not be used on the beta release channel
[INFO] [stdout]  --> /opt/rustwide/cargo-home/registry/src/github.com-1ecc6299db9ec823/bulletproofs-1.0.1/src/lib.rs:3:1
[INFO] [stdout]   |
[INFO] [stdout] 3 | #![feature(try_trait)]
[INFO] [stdout]   | ^^^^^^^^^^^^^^^^^^^^^^
[INFO] [stdout] 
[INFO] [stdout] 
[INFO] [stdout] error: aborting due to 4 previous errors
[INFO] [stdout] 
[INFO] [stdout] 
[INFO] [stdout] For more information about this error, try `rustc --explain E0554`.
[INFO] [stdout] 
[INFO] [stderr] error: could not compile `bulletproofs`.
[INFO] [stderr] 
[INFO] [stderr] To learn more, run the command again with --verbose.
[INFO] running `Command { std: "docker" "inspect" "5792a7a6d29f8a08a2660f0b66937fa85dcaacfb48cd61bd5a2b240f39c4a905", kill_on_drop: false }`
[INFO] running `Command { std: "docker" "rm" "-f" "5792a7a6d29f8a08a2660f0b66937fa85dcaacfb48cd61bd5a2b240f39c4a905", kill_on_drop: false }`
[INFO] [stdout] 5792a7a6d29f8a08a2660f0b66937fa85dcaacfb48cd61bd5a2b240f39c4a905
